 - 3*i = -2, -12 = -3*p - 2*i - 2. Suppose 0*m = -p*m. Suppose m = v - 5*v + 116. What is the units digit of v?
9
Let k(f) = -2 + 11*f - 48 - 473*f**2 + 474*f**2. What is the units digit of k(10)?
0
Let q = 83 - 6. Let r = q - -3. What is the tens digit of r?
8
Let t = -29 + 18. Let n(v) = v**3 + 12*v**2 + 3. What is the hundreds digit of n(t)?
1
Suppose 0 = -285*x + 279*x + 8880. What is the thousands digit of x?
1
Let h be (11/2)/((-6)/(-12)). Suppose 5*o + 12 = h*o. What is the units digit of o?
2
Suppose p = 5*f + 5*p - 1534, -2*f + 4*p + 608 = 0. What is the tens digit of f?
0
Suppose 5*z - 3766 = -q, 0 = -5*z + q - 6*q + 3750. What is the hundreds digit of z?
7
Let a(b) = -b**3 - 5*b**2 - 7*b - 10. Let w be a(-4). Suppose w*h + 1 = 57. Suppose -o + 0*j = j - h, 2*o + 5*j = 71. What is the tens digit of o?
2
Let g = 535 - -13. What is the tens digit of g?
4
Suppose 524 = x - 4*t, x + t + t = 554. Let y = x + -324. What is the units digit of y?
0
Let s = -34 + 36. Suppose -5*r - 53 = -v, -s*v + 5*v - 189 = 5*r. Suppose -2*c - 2*n + v = 0, -3*n - 170 = -8*c + 3*c. What is the units digit of c?
4
Let w(h) = -30*h - 66. What is the units digit of w(-14)?
4
Suppose -2*o = o + 2*y - 7722, 2*y + 10310 = 4*o. What is the hundreds digit of o?
5
Let f = 40 - -86. What is the tens digit of f?
2
What is the thousands digit of 44/(-33) - 10183/(-3)?
3
Suppose 3*i - 46 = 4*r, r + 50 = -3*r + 5*i. Let v be (-4)/r + 2596/10. Suppose 30 - v = -5*x. What is the units digit of x?
6
Suppose 2*z + 4*d - 388 = 0, -2*z + d - 193 = -3*z. Let y = -121 + z. What is the units digit of y?
1
Suppose 0 = -7*q - 594 + 4185. Suppose n - 432 = -4*x + 4*n, 5*x = -3*n + q. What is the units digit of x?
5
Let f = -220 + 1593. What is the units digit of f?
3
Let p = -1277 + 1190. Let m be (48/(-10))/(4/(-130)). Let t = p + m. What is the units digit of t?
9
Suppose 2 = 2*j - 8. Suppose -j*k = 3*x - 73, -2*x - 4*k - 28 = -76. What is the units digit of x?
6
Let c = 55 - 3. Suppose -2*v + 292 = c. What is the units digit of v?
0
Let x(k) = 11 + 5*k**2 + 13*k**2 + k**3 - 7*k**2 + 0*k**3. What is the units digit of x(-10)?
1
Let f be 156 - (2 + 2/(-2)). Let t = -1328 + 1417. Let i = f - t. What is the tens digit of i?
6
Let x(t) = -t**3 - 7*t**2 + 20*t - 9. What is the units digit of x(-12)?
1
Suppose 0 = 9*c - 13*c + 16. Suppose 59 = -3*h + c*h. What is the tens digit of h?
5
Let c = -141 - -68. Let i(f) = 62*f + 3. Let m be i(-2). Let z = c - m. What is the units digit of z?
8
Let v(w) = 53*w. What is the hundreds digit of v(6)?
3
Let t(k) = -3*k + 5. Let l be t(7). What is the hundreds digit of l/128 - 873/(-8)?
1
Suppose -7*j + 11 = -10. Let u(f) = 9*f**3 + 6*f**2 - 7*f + 5. What is the hundreds digit of u(j)?
2
Let t = 21 + -16. Suppose 0*u = t*u - 4*o - 106, -5*o = -2*u + 56. What is the tens digit of u?
1
Let b(f) = -f + 38. Suppose 0*z = -p - 3*z - 51, -3*z - 12 = 0. Let h = 56 + p. What is the units digit of b(h)?
1
Suppose 2508 = 15*q - 31392. What is the units digit of q?
0
Let x be 1 - (-166*(-1 + 3) - 3). Suppose t - 3*t = -x. What is the units digit of t?
8
Suppose 5*p + o = -o - 59, -3*p = 2*o + 33. Let c = p + 4. Let d(v) = -v**3 - 7*v**2 + 12*v + 12. What is the units digit of d(c)?
6
Suppose 0 = -10*u + u + 45. Suppose l + 173 = 5*l + u*t, -3*l = -3*t - 96. What is the units digit of l?
7
Let p be 6/(-4)*(238/(-21) - -4). Suppose -3*j + 358 = -p. What is the hundreds digit of j?
1
Let r(p) be the third derivative of p**5/30 - 7*p**4/12 + 6*p**3 + 12*p**2. What is the tens digit of r(7)?
3
Let t = 9 - 6. Let m(j) = -2*j**3 - 6*j**2 - 3*j + 5. Let y be m(-5). Suppose y = t*s + 3*s. What is the units digit of s?
0
Let v(d) = -41*d + 2. Let n be v(-3). Let w = n - 69. What is the units digit of w?
6
Let t = 14668 - 9042. What is the hundreds digit of t?
6
Let t be 2/(-6)*(9 + -15). Let q be t - (0/3 - 66). What is the tens digit of 3 + -5 + 4 + q?
7
Let l(a) = 2*a - 21. Let m be l(13). Suppose -p + 31 = -m*t, -2*p = -0*p - t - 53. What is the tens digit of p?
2
Let h(f) = 4*f**2 - 4*f + 7. Let a be h(-5). Suppose 6*c = 1255 - a. What is the tens digit of c?
8
Let v(o) = 4*o**2 + 17*o + 20. Let q(x) = -x**2 - x - 1. Let w(b) = 3*q(b) + v(b). What is the units digit of w(-14)?
7
Let n(x) = -x**3 + 6*x**2 - 8*x + 9. Let d be n(4). Let m = d + -6. Suppose q + q - 31 = g, m*g = 2*q - 21. What is the tens digit of q?
1
Let v(x) = -x**2 + 7*x + 4. Let n be v(7). What is the units digit of 4 + n*3/4?
7
Let r be 189/(-18) - 2/(-4). Let i be 1 - 1/2*r. Suppose 19 = -5*x + i*x. What is the tens digit of x?
1
What is the tens digit of (-2043)/(-5) + (-78)/(-195)?
0
Let w(h) = -69*h**3 - 40*h**2 - 10*h - 3. What is the hundreds digit of w(-4)?
8
Suppose 0*d - 5*d = 4*s - 507, 3*d + s = 300. What is the tens digit of d?
9
Suppose 0 = 30*w - 34*w - 5*m + 7329, 2*w = 5*m + 3687. What is the thousands digit of w?
1
What is the tens digit of 6/(-4)*(-13 + -565)?
6
Let k(o) = -5*o + 4*o + 3*o + 24. Suppose -4*z + 39 = -5*l, 3*z - 11*l - 30 = -8*l. What is the units digit of k(z)?
6
Let n = -3 + 6. Suppose -n = 5*g - 28. Suppose g*b = 4*b + 30. What is the units digit of b?
0
Suppose 0*x - m - 21 = -5*x, 3*x - 35 = -5*m. Let y be 3 + (x + -3 - 3). Suppose -150 = -2*l - y*l - 5*c, -5*l + 183 = 4*c. What is the units digit of l?
5
Let i(z) = -3*z - 1. Suppose -7 = 4*p + 13. What is the units digit of i(p)?
4
Let u = -26 - -42. What is the tens digit of (-39)/12*u/(-4)?
1
Let t = 142 - -305. Suppose 10*f - 83 = t. What is the units digit of f?
3
Let i(o) = o**3 - 3*o**2 + 14*o - 16. What is the units digit of i(6)?
6
Let k be -5*(-2)/(8/(-4)). What is the tens digit of 78 - (k - (1 + -4))?
8
Let y(f) = f + 5. Let j be y(-6). Let x be 2 - (1 - -1)/j. Suppose -x*b = -12 - 20. What is the units digit of b?
8
Let p = -72 + 34. What is the tens digit of p/4*(2 - 4)?
1
Let b(n) = 101*n**2 + 5*n - 1. Suppose -x + k - 4 = -0, -3*x = -5*k + 22. What is the units digit of b(x)?
5
Suppose -3*v = -3, 0 = -6*a + a - v - 94. Let l = 63 - 39. Let o = l + a. What is the units digit of o?
5
Suppose -3*p + 3953 = -772. What is the hundreds digit of p?
5
Let r = 311 - 274. What is the tens digit of r?
3
Let u = -511 + 1226. What is the hundreds digit of u?
7
Suppose c = 258 + 774. What is the hundreds digit of c?
0
Suppose -11 = -3*p - 8. Let q(b) = 2*b - b - 2*b - p + 15*b**2. What is the units digit of q(-1)?
5
Suppose -g + 497 = 2*u, -5*u + 4*g + 801 = -422. What is the tens digit of u?
4
Let j be (-2)/(-4) - (-15)/6. Suppose 2*i = -2*s + j*i - 7, 3*i + 4 = s. What is the units digit of s/(-25) + (-402)/(-15)?
7
Suppose -6536 = -2*q + 2*a, -2*q + q + 2*a + 3266 = 0. What is the thousands digit of q?
3
What is the thousands digit of ((-117)/(-4))/(114/10792)?
2
Suppose 0 = 5*v + 3*x - 167, -2*v = -4*x - 23 - 23. Let u(f) = 23*f**3 - 2*f + 1. Let s be u(1). Let p = v - s. What is the units digit of p?
9
Let j(x) = -32*x + 264. What is the tens digit of j(-37)?
4
Suppose 207*g - 12519 = 168*g. What is the units digit of g?
1
Let a(w) = 2*w**3 - 3*w**2 - w**3 - 2*w**3 - 7*w + 15*w**2 - 14. What is the tens digit of a(11)?
3
Let z(v) = 6*v. Suppose 3*r + 43 = -2*r - 4*k, -3*k = 3*r + 24. Let a(j) = -19*j - 1. Let b(i) = r*z(i) - 4*a(i). What is the tens digit of b(3)?
3
Let z(s) = -12*s + 2. Let b = -38 + 35. Let m(x) = 11*x - 3. Let g(o) = b*m(o) - 4*z(o). What is the units digit of g(3)?
6
Let y(k) = -138*k**3 - 2*k**2 - 2*k - 1. Let a be y(-1). Suppose 4*f = 2*o - 118, 0*f = 3*o + 2*f - a. What is the tens digit of o?
4
Suppose -5449 = -3*a - s, 3*a - 4*s - 7292 = -a. What is the thousands digit of a?
1
Suppose 22*m = -42*m + 242752. What is the thousands digit of m?
3
Let q(m) = m**2 + 8*m + 11. Let i be q(-7). Suppose 4*w + 6 = -2*j, 2*j + i*w + w = -9. What is the units digit of j?
3
Let s(r) be the second derivative of r**5/20 - r**4/4 - 3*r**3/2 + 3*r**2/2 + 10*r. What is the tens digit of s(6)?
5
Let s = -97 - -161. What is the units digit of s?
4
Let b = -36 + 37. What is the tens digit of 5/(-15)*b - (-68)/6?
1
Suppose 0 = -3*x + 18*x + 300. Let i = 81 - 55. Let j = x + i. What is the units digit of j?
6
Let d(s) = s**2 - 8*s + 4. Let a be d(5). Let x(j) = j**2 - 5*j - 6. Let v be x(7). Let n